t s(c) = 2*c**3 - 16*c**2 - 1657*c + 13272. Determine s(8).
16
Let v(k) = -k**3 - 21*k**2 + 78*k + 1279. Determine v(-21).
-359
Let t(l) = 20*l**3 + 95*l**2 - 51*l - 142. Give t(-5).
-12
Let k(n) = 1232*n + 231631. What is k(-188)?
15
Let y(j) = 106*j**3 - j**2 - 35*j + 35. Calculate y(1).
105
Let v(b) = -5*b**2 + 223*b + 1785. Give v(-7).
-21
Let f(p) = 1286*p + 172554. What is f(-134)?
230
Let h(m) = -2*m**2 - 56*m + 4686. Calculate h(-64).
78
Let k(q) = 895*q + 22396. Give k(-25).
21
Let h(g) = -2*g**3 - 142*g**2 + 455*g + 1306. Give h(-74).
492
Let p(l) = 4*l**2 - 266*l + 1947. Determine p(55).
-583
Let f(g) = 3*g**3 + 99*g**2 + 553*g - 124. What is f(-8)?
252
Let n(r) = 142*r**3 - 1989*r**2 + 58*r - 612. What is n(14)?
4
Let z(u) = -32542*u + 325318. Determine z(10).
-102
Let z(s) = -218*s**2 + 26813*s + 102. Give z(123).
-21
Let j(d) = -207*d**3 + d**2 - 251*d + 470. Calculate j(2).
-1684
Let a(f) = 833924*f + 5837471. Calculate a(-7).
3
Let i(g) = -2*g**3 - 513*g**2 - 412*g - 171921. What is i(-257)?
12
Let b(u) = -10373*u + 176345. What is b(17)?
4
Let o(c) = 82*c**2 + 846*c + 259. What is o(-10)?
-1
Let w(k) = -2*k**3 + 148*k**2 - 66*k + 4813. Give w(74).
-71
Let g(w) = 686*w + 30191. Calculate g(-44).
7
Let v(i) = 1301*i + 6051. Determine v(-4).
847
Let t(v) = -v**3 - 140*v**2 - 1121*v - 513. What is t(-8)?
7
Let l(k) = -2*k**3 - 272*k**2 + 1418*k - 27. What is l(5)?
13
Let w(b) = -52*b**2 - 558*b + 93. Give w(-11).
-61
Let y(i) = -i**2 - 57*i + 30226. Calculate y(148).
-114
Let z(d) = -d**3 - 223*d**2 + 595*d + 33454. Calculate z(-225).
829
Let x(o) = o**2 - 1482*o + 30836. Calculate x(21).
155
Let v(z) = -40227*z + 4465206. Calculate v(111).
9
Let k(w) = 22*w**2 - 217*w + 850. What is k(4)?
334
Let z(h) = 3*h**3 - 330*h**2 + 961*h + 231. What is z(107)?
17
Let z(h) = -34713*h + 208134. Determine z(6).
-144
Let j(w) = -779*w - 201. What is j(0)?
-201
Let g(x) = -x**3 + 32*x**2 + 247*x + 942. What is g(39)?
-72
Let g(q) = -269*q - 103072. What is g(-382)?
-314
Let t(c) = c**3 + 303*c**2 - 3464*c + 7. Give t(11).
-103
Let x(f) = -3*f**3 + 13*f**2 + 162624*f - 650533. Determine x(4).
-21
Let q(w) = -3*w**2 - 52*w + 760. Give q(-36).
-1256
Let y(j) = 15404*j + 61585. Calculate y(-4).
-31
Let r(s) = -25*s**2 + 376*s - 724. Give r(13).
-61
Let m(k) = 1872*k + 27980. What is m(-15)?
-100
Let j(m) = -15*m**2 - 274*m + 768. What is j(3)?
-189
Let r(y) = -743899*y + 4463400. Determine r(6).
6
Let o(b) = -3*b**3 + 102*b**2 + 61*b - 964. Give o(34).
1110
Let h(r) = r**3 + 93*r**2 + 79*r + 236. Give h(-92).
1432
Let f(r) = -14*r**2 + 1119*r - 13627. Determine f(15).
8
Let w(v) = 827*v**2 + 132316*v - 542. Determine w(-160).
98
Let s(f) = -18*f**2 - 455*f + 346. Calculate s(-26).
8
Let h(s) = 3*s**3 - 108*s**2 + 65*s - 2378. Give h(36).
-38
Let g(y) = y**3 + 116*y**2 + 771*y + 787. Give g(-109).
-85
Let f(k) = 19*k - 124. Calculate f(59).
997
Let d(x) = -236*x + 14620. Determine d(62).
-12
Let t(z) = 2470*z - 17290. Give t(7).
0
Let o(d) = 6022*d - 12200. Determine o(2).
-156
Let s(m) = -2215*m**3 - 6659*m**2 + 32. Calculate s(-3).
-94
Let c(o) = 467*o - 7576. Calculate c(16).
-104
Let h(q) = 5*q**2 + 264*q + 74. What is h(-62)?
2926
Let k(c) = -11*c**3 + 171*c**2 + 8*c + 30. Calculate k(15).
1500
Let y(h) = 1078*h + 127187. Calculate y(-118).
-17
Let c(x) = -92*x**3 + 103*x**2 - x + 1. Give c(2).
-325
Let b(m) = -22*m**2 + 4187*m - 1410. Give b(190).
-80
Let c(d) = d**2 + 49505*d + 692868. What is c(-14)?
-6
Let n(o) = -1537*o + 496435. What is n(323)?
-16
Let i(s) = -2*s**3 + 57*s**2 + 214*s + 220. Calculate i(32).
-100
Let j(r) = -4*r**3 + r**2 - 27*r + 3. Give j(5).
-607
Let t(m) = -11596*m + 1530728. Determine t(132).
56
Let i(v) = v**3 + 180*v**2 - v - 153270. Give i(-175).
30
Let j(k) = 39*k**2 + 7325*k - 1224. Determine j(-188).
92
Let o(x) = -86*x**3 + 5*x**2 + 405*x - 407. Calculate o(1).
-83
Let h(a) = -2*a**2 + 801*a + 11589. Give h(-14).
-17
Let q(p) = -33*p**3 + 2*p**2 + 24*p + 20. What is q(-1)?
31
Let n(f) = -9931*f - 188688. What is n(-19)?
1
Let w(a) = a**3 - 11*a**2 - 364*a - 49. Calculate w(-14).
147
Let a(w) = -236302*w + 3544581. Determine a(15).
51
Let x(l) = 47*l**2 - 2986*l + 7188. Determine x(61).
-71
Let b(h) = 1845*h - 121823. Determine b(66).
-53
Let g(f) = -f**2 - 10273*f + 71957. Give g(7).
-3
Let m(n) = 4*n**3 + 175*n**2 - 229*n + 36. Give m(-45).
216
Let h(a) = 2*a**3 - 16*a**2 - 371*a - 58. Give h(17).
-1163
Let q(s) = -4352*s - 65281. Give q(-15).
-1
Let w(n) = 2*n**3 + 511*n**2 - 338*n - 20942. Calculate w(-256).
50
Let r(k) = 20216*k + 283041. What is r(-14)?
17
Let k(z) = 7*z**2 + 504*z + 2. What is k(0)?
2
Let r(g) = 11*g**3 - 417*g**2 - 30*g - 275. Give r(38).
29
Let b(v) = -v**3 + 204*v**2 - 5249*v + 882. Determine b(30).
12
Let i(k) = 3222*k + 67665. What is i(-21)?
3
Let y(z) = z**3 + 178*z**2 + 4325*z + 75. What is y(-29)?
-41
Let p(u) = -2392*u + 24790. What is p(11)?
-1522
Let a(m) = 55*m**2 - 33390*m + 3026. Give a(607).
-9
Let n(v) = v**2 + 63*v + 1562. What is n(-46)?
780
Let a(n) = 54*n**2 - 1071*n - 14. Determine a(20).
166
Let c(g) = -4594*g - 1203809. Give c(-262).
-181
Let t(h) = -292*h - 3735. Give t(-12).
-231
Let l(s) = -3014*s - 78413. Calculate l(-26).
-49
Let l(m) = -26150*m + 392096. Calculate l(15).
-154
Let c(y) = -15*y**3 - 109*y**2 + 81*y + 459. Calculate c(-7).
-304
Let u(c) = 2*c**3 - 191*c**2 + 2546*c - 29. What is u(16)?
3
Let y(n) = -2*n**3 + 130*n**2 + 572*n - 11063. Determine y(68).
89
Let v(h) = -60511*h + 544691. Give v(9).
92
Let n(l) = 1172*l - 5506. What is n(5)?
354
Let a(f) = 120*f - 993. What is a(10)?
207
Let t(m) = -11391*m - 136707. What is t(-12)?
-15
Let l(w) = 3*w**3 - 53*w**2 - 65*w + 1926. Calculate l(21).
4971
Let y(g) = 6*g**3 + 46*g**2 + 147*g + 831. What is y(-7)?
-2
Let f(o) = -12049*o - 12110. Determine f(-1).
-61
Let r(f) = -2*f**2 - 1248*f + 24380. Give r(19).
-54
Let s(h) = -155*h - 1605. What is s(-11)?
100
Let v(l) = -129*l**2 - 1782*l - 5974. Calculate v(-8).
26
Let d(t) = 67*t**2 - 823*t + 1330. Determine d(9).
-650
Let g(x) = -13*x**2 - 27466*x - 246129. Determine g(-9).
12
Let x(b) = -b**3 - 183*b**2 + 564*b + 1153. Calculate x(-186).
37
Let y(o) = -o**2 - 2434*o - 895743. Give y(-452).
121
Let t(i) = i**3 - 88*i**2 - 1150*i + 22. Determine t(-12).
-578
Let a(t) = -6953*t - 83207. Give a(-12).
229
Let a(y) = -31782*y + 190685. What is a(6)?
-7
Let a(f) = f**3 + 12877*f**2 - 64404*f - 17. Calculate a(5).
13
Let c(u) = -1790*u**2 + 440339*u + 203. Determine c(246).
-43
Let z(l) = l**2 - 258*l - 2891. What is z(254)?
-3907
Let z(j) = 350*j + 13677. What is z(-39)?
27
Let q(d) = -12*d**2 + 67*d + 82. What is q(7)?
-37
Let c(n) = -n**3 - 51*n**2 - 417*n + 5813. Give c(-33).
-28
Let q(c) = 2*c**2 - 406*c - 7416. Give q(221).
540
Let o(t) = -t**3 + 35*t**2 - 88*t + 282. Determine o(0).
282
Let l(y) = -33*y**2 - 734*y - 199. Give l(-22).
-23
Let f(j) = j**3 + 27*j**2 - 106*j - 2313. Calculate f(-26).
1119
Let t(u) = u**3 + 15*u**2 - 66*u - 769. Determine t(-19).
-959
Let f(j) = j**3 - 23*j**2 - 23*j + 355. Calculate f(24).
379
Let t(p) = 30*p**3 - 106*p**2 - 132*p + 428. Calculate t(4).
124
Let r(z) = 234*z - 1796. Give r(7).
-158
Let q(c) = -1075*c + 53760. What is q(50)?
10
Let w(v) = -v**3 + 29*v**2 + 149*v - 2537. Give w(26).
3365
Let g(z) = -955*z - 74441. What is g(-78)?
49
Let l(i) = i**3 + 63*i**2 + 388*i + 8940. Give l(-59).
-28
Let q(s) = 6979*s - 1032640. Give q(148).
252
Let n(q) = 41213*q - 4904347. Calculate n(119).
0
Let a(l) = -l**3 + 472*l**2 + 89569*l + 15063. Give a(-145).
-17
Let t(h) = h**3 - 15*h**2 - 399*h + 1120. Calculate t(-18).
-2390
Let q(p) = p**3 + 24*p**2 + 137*p + 1569. Give q(-17).
1263
Let b(z) = 3*z**3 + 267*z**2 + 3823*z - 203. Give b(-18).
-5
Let k(i) = -8791*i - 246142. Calculate k(-28).
6
Let q(a) = 959*a - 1382. Calculate q(2).
536
Let p(m) = -m**3 - 37*m**2 + 289640*m - 5. Determine p(520).
-5
Let b(t) = 3992*t - 7842. Calculate b(2).
142
Let b(r) = -182*r**3 - 1274*r**2 + 16*r + 42. What is b(-7)?
-70
Let h(n) = 16*n**2 + 1019*n + 9072. Determine h(-9).
1197
Let v(q) = -3478*q + 20866. Determine v(6).
-2
Let t(l) = -l**3 + 58*l**2 + 1130*l - 35305. Determine t(67).
4
Let g(b) = 2*b**2 - 11718*b + 93624. Det